{"id":183,"date":"2018-03-30T08:40:24","date_gmt":"2018-03-30T06:40:24","guid":{"rendered":"https:\/\/www.psycho-bien-etre.be\/therapeutes-bien-etre\/?page_id=183"},"modified":"2023-11-22T09:11:55","modified_gmt":"2023-11-22T08:11:55","slug":"rejoindre-reseau-psychobienetre-3","status":"publish","type":"page","link":"https:\/\/www.psycho-bien-etre.be\/therapeutes-bien-etre\/rejoindre-reseau-psychobienetre-3\/","title":{"rendered":"Rejoindre l&rsquo;annuaire th\u00e9rapeutes et therapies alternatives. R\u00e9f\u00e9rencement local th\u00e9rapeutes"},"content":{"rendered":"<p><img loading=\"lazy\" class=\"aligncenter size-medium wp-image-432\" src=\"https:\/\/www.psycho-bien-etre.be\/therapeutes-bien-etre\/wp-content\/uploads\/2019\/02\/960-300x118.jpg\" alt=\"\" width=\"300\" height=\"118\" srcset=\"https:\/\/www.psycho-bien-etre.be\/therapeutes-bien-etre\/wp-content\/uploads\/2019\/02\/960-300x118.jpg 300w, https:\/\/www.psycho-bien-etre.be\/therapeutes-bien-etre\/wp-content\/uploads\/2019\/02\/960-768x301.jpg 768w, https:\/\/www.psycho-bien-etre.be\/therapeutes-bien-etre\/wp-content\/uploads\/2019\/02\/960-1024x401.jpg 1024w, https:\/\/www.psycho-bien-etre.be\/therapeutes-bien-etre\/wp-content\/uploads\/2019\/02\/960.jpg 1531w\" sizes=\"(max-width: 300px) 100vw, 300px\" \/><\/p>\n<h4>Pour vous inscrire gratuitement sur notre portail veuillez remplir le formulaire suivant<\/h4>\n<div role=\"form\" class=\"wpcf7\" id=\"wpcf7-f524-o1\" lang=\"fr-FR\" dir=\"ltr\">\n<div class=\"screen-reader-response\"><p role=\"status\" aria-live=\"polite\" aria-atomic=\"true\"><\/p> <ul><\/ul><\/div>\n<form action=\"\/therapeutes-bien-etre\/wp-json\/wp\/v2\/pages\/183#wpcf7-f524-o1\" method=\"post\" class=\"wpcf7-form init\" novalidate=\"novalidate\" data-status=\"init\">\n<div style=\"display: none;\">\n<input type=\"hidden\" name=\"_wpcf7\" value=\"524\" \/>\n<input type=\"hidden\" name=\"_wpcf7_version\" value=\"5.6.1\" \/>\n<input type=\"hidden\" name=\"_wpcf7_locale\" value=\"fr_FR\" \/>\n<input type=\"hidden\" name=\"_wpcf7_unit_tag\" value=\"wpcf7-f524-o1\" \/>\n<input type=\"hidden\" name=\"_wpcf7_container_post\" value=\"0\" \/>\n<input type=\"hidden\" name=\"_wpcf7_posted_data_hash\" value=\"\" \/>\n<\/div>\n<p><label> Votre nom (obligatoire)<br \/>\n    <span class=\"wpcf7-form-control-wrap\" data-name=\"your-name\"><input type=\"text\" name=\"your-name\" value=\"\" size=\"40\" class=\"wpcf7-form-control wpcf7-text wpcf7-validates-as-required\" aria-required=\"true\" aria-invalid=\"false\" \/><\/span> <\/label><br \/>\n<label> M\u00e9tier<br \/>\n    <span class=\"wpcf7-form-control-wrap\" data-name=\"your-subject\"><input type=\"text\" name=\"your-subject\" value=\"\" size=\"40\" class=\"wpcf7-form-control wpcf7-text wpcf7-validates-as-required\" aria-required=\"true\" aria-invalid=\"false\" \/><\/span> <\/label><\/p>\n<p><label> Rapide description de votre activit\u00e9 (obligatoire)<br \/>\n    <span class=\"wpcf7-form-control-wrap\" data-name=\"your-message\"><textarea name=\"your-message\" cols=\"40\" rows=\"10\" class=\"wpcf7-form-control wpcf7-textarea wpcf7-validates-as-required\" aria-required=\"true\" aria-invalid=\"false\"><\/textarea><\/span> <\/label><\/p>\n<p><label> Votre adresse de messagerie (obligatoire)<br \/>\n    <span class=\"wpcf7-form-control-wrap\" data-name=\"your-email\"><input type=\"text\" name=\"your-email\" value=\"\" size=\"40\" class=\"wpcf7-form-control wpcf7-text wpcf7-validates-as-required\" aria-required=\"true\" aria-invalid=\"false\" \/><\/span> <\/label><\/p>\n<p><label> Votre adresse(obligatoire)<br \/>\n    <span class=\"wpcf7-form-control-wrap\" data-name=\"your-adresse\"><input type=\"text\" name=\"your-adresse\" value=\"\" size=\"40\" class=\"wpcf7-form-control wpcf7-text wpcf7-validates-as-required\" aria-required=\"true\" aria-invalid=\"false\" \/><\/span> <\/label><br \/>\n<label>Code postal(obligatoire)<br \/>\n    <span class=\"wpcf7-form-control-wrap\" data-name=\"your-cp\"><input type=\"text\" name=\"your-cp\" value=\"\" size=\"40\" class=\"wpcf7-form-control wpcf7-text wpcf7-validates-as-required\" aria-required=\"true\" aria-invalid=\"false\" \/><\/span> <\/label><br \/>\n<label>Ville(obligatoire)<br \/>\n    <span class=\"wpcf7-form-control-wrap\" data-name=\"your-ville\"><input type=\"text\" name=\"your-ville\" value=\"\" size=\"40\" class=\"wpcf7-form-control wpcf7-text wpcf7-validates-as-required\" aria-required=\"true\" aria-invalid=\"false\" \/><\/span> <\/label><\/p>\n<p><label>Pays (obligatoire)<br \/>\n    <span class=\"wpcf7-form-control-wrap\" data-name=\"your-pays\"><input type=\"text\" name=\"your-pays\" value=\"\" size=\"40\" class=\"wpcf7-form-control wpcf7-text wpcf7-validates-as-required\" aria-required=\"true\" aria-invalid=\"false\" \/><\/span> <\/label><br \/>\n<label>T\u00e9l\u00e9phone(obligatoire)<br \/>\n    <span class=\"wpcf7-form-control-wrap\" data-name=\"your-phone\"><input type=\"text\" name=\"your-phone\" value=\"\" size=\"40\" class=\"wpcf7-form-control wpcf7-text wpcf7-validates-as-required\" aria-required=\"true\" aria-invalid=\"false\" \/><\/span> <\/label><br \/>\n<label>Site web<br \/>\n    <span class=\"wpcf7-form-control-wrap\" data-name=\"your-web\"><input type=\"text\" name=\"your-web\" value=\"\" size=\"40\" class=\"wpcf7-form-control wpcf7-text\" aria-invalid=\"false\" \/><\/span> <\/label><\/p>\n<p><input type=\"submit\" value=\"En savoir plus\" class=\"wpcf7-form-control has-spinner wpcf7-submit\" \/><\/p>\n<div class=\"wpcf7-response-output\" aria-hidden=\"true\"><\/div><\/form><\/div>\n\n\n<p>Vous \u00eates praticien sp\u00e9cialis\u00e9 dans le bien-\u00eatre (centre de bien-\u00eatre, esth\u00e9ticienne, centre de baln\u00e9oth\u00e9rapie, di\u00e9t\u00e9ticien, etc), th\u00e9rapeute (psychologue, sexologue, psychoth\u00e9rapeute, etc) ou praticien en th\u00e9rapies alternatives et vous souhaitez augmenter votre visibilit\u00e9 et\/ou accro\u00eetre votre activit\u00e9?<\/p>\n\n\n\n<h2>3 raisons pour lesquelles les th\u00e9rapeutes doivent investir dans le r\u00e9f\u00e9rencement local<\/h2>\n\n\n\n<p>Si vous n&rsquo;\u00eates pas convaincu que les efforts cibl\u00e9s du r\u00e9f\u00e9rencement local peuvent aider votre pratique, pensez \u00e0 ces trois choses:<\/p>\n\n\n\n<h3>1. La page jaune n&rsquo;existe plus. Pensez aux annuaires th\u00e9rapeutes<\/h3>\n\n\n\n<p>Les Pages Jaunes&nbsp;ont vu le jour en 1878&nbsp;.&nbsp;Cela seul montre \u00e0 quel point cette m\u00e9thode de recherche d&rsquo;entreprise est d\u00e9mod\u00e9e.<\/p>\n\n\n\n<p>Dans le pass\u00e9, cependant, les Pages Jaunes offraient aux th\u00e9rapeutes un excellent moyen de se r\u00e9f\u00e9rencer Vous ach\u00e8teriez une annonce et attendriez que les clients appellent.<\/p>\n\n\n\n<p>Aujourd&rsquo;hui, les gens se tournent vers Internet.<\/p>\n\n\n\n<p>En fait, 93% des personnes lancent la recherche d&rsquo;un th\u00e9rapeute locale en ligne, Google \u00e9tant un moteur de recherche pr\u00e9f\u00e9r\u00e9.<\/p>\n\n\n\n<h3>2. Le r\u00e9f\u00e9rencement local pour un th\u00e9rapeute<\/h3>\n\n\n\n<p>Selon le stade de votre pratique, payer pour de la publicit\u00e9 peut \u00eatre avantageux.<\/p>\n\n\n\n<p>Si vous pouvez am\u00e9liorer votre classement sur Google, vous aurez un flux constant de trafic totalement gratuit.&nbsp;Tout ce que vous avez \u00e0 faire est de les convertir en clients r\u00e9els et payants.<\/p>\n\n\n\n<h3>3. Le r\u00e9f\u00e9rencement local gr\u00e2ce aux annuaires th\u00e9rapeutes<\/h3>\n\n\n\n<p>Lorsque vous vous concentrez sur les r\u00e9sultats locaux pour votre pratique th\u00e9rapeutique, vous ne concourez pour la premi\u00e8re place de Google qu&rsquo;avec d&rsquo;autres th\u00e9rapeutes de la r\u00e9gion.<\/p>\n\n\n\n<p>Donc, si vous avez un bureau local et voyez des patients en personne, cela pourrait \u00eatre un endroit qui vaut la peine d&rsquo;investir du temps ou des efforts de marketing.<\/p>\n\n\n\n<p>Vous n&rsquo;avez pas \u00e0 essayer de rivaliser avec des th\u00e9rapeutes et d&rsquo;autres sites Web \u00e0 travers le pays qui peuvent avoir un budget marketing plus important que vous.<\/p>\n\n\n\n<h2>R\u00e9f\u00e9rencement th\u00e9rapeute: Pourquoi les annuaires th\u00e9rapeutes sont importants pour le r\u00e9f\u00e9rencement local des th\u00e9rapeutes?<\/h2>\n\n\n\n<p>Tous les th\u00e9rapeutes n&rsquo;ont pas de profils d&rsquo;annuaire,. Pourquoi? Le retour sur investissement est dingue sur les annuaires de th\u00e9rapeutes. Pour environ 2 \u20ac par mois, vous pouvez attirer plusieurs clients par mois. M\u00eame si vous n&rsquo;avez qu&rsquo;un patient r\u00e9gulier par an sur un annuaire et que ce pest venu 12 fois et a pay\u00e9 50\u20ac par session, alors vous avez r\u00e9cup\u00e9r\u00e9 votre argent et bien plus encore.<\/p>\n\n\n\n<p>Que cela nous plaise ou non, Google adore les annuaires. Ils sont massifs et ont des tonnes de contenu et Google les classe en premier.&nbsp;Cela ne veut pas dire que votre petit site Web de th\u00e9rapeute ne peut pas appara\u00eetre sur la premi\u00e8re page de r\u00e9sultats. Mais le plus souvent, les personnes cherchant un th\u00e9rapeute vont se retrouver sur un annuaire avant de voir votre site. Et vous devriez \u00eatre l\u00e0 o\u00f9 les clients recherchent.<\/p>\n\n\n\n<p>Etre sur PsychoBienEtre aide \u00e9galement votre site Web personnel et votre&nbsp; r\u00e9f\u00e9rencement local. Plus il y a d&rsquo;endroits sur Internet qui pointent vers votre site Web, plus vous serez class\u00e9 dans Google. C&rsquo;est donc une \u00e9vidence.<\/p>\n\n\n\n<p>C&rsquo;est aussi une fa\u00e7on intelligente de vous d\u00e9marquer. Lorsque les clients regardent sur Internet et vous voient \u00e0 plusieurs endroits, ils commencent \u00e0 vous faire davantage confiance. Votre pratique devrait appara\u00eetre dans tous les endroits o\u00f9 les clients recherchent des services. <strong>Non seulement c\u2019est un bon moyen pour vous faire conna\u00eetre, mais en plus vous optimisez votre r\u00e9f\u00e9rencement local.&nbsp;<\/strong><\/p>\n\n\n\n<p>PsychoBienEtre est l\u2019annuaire de r\u00e9f\u00e9rence des<strong> th\u00e9rapeutes et praticiens de la sant\u00e9 et du bien-\u00eatre<\/strong>. Notre annuaire est uniquement d\u00e9di\u00e9 aux domaines touchant \u00e0 la sant\u00e9 et au bien-\u00eatre. Faire le choix de vous enregistrer dans notre annuaire vous garantit une <strong>visibilit\u00e9 accrue<\/strong> aupr\u00e8s de personnes recherchant des th\u00e9rapeutes et praticiens certifi\u00e9s.Pourquoi? Car nous notre strat\u00e9gie est bas\u00e9e sur le r\u00e9f\u00e9rencement local. <strong>Notre but est de vous apporter des patients de votre r\u00e9gion.<\/strong> Etre pr\u00e9sent dans notre annuaire, c&rsquo;est b\u00e9n\u00e9ficier d&rsquo;une grande visibilit\u00e9 sur google et d&rsquo;un r\u00e9seau de contact important afin d&rsquo;attirer une nouvelle patient\u00e8le.<\/p>\n\n\n\n<p>Notre leitmotiv : proposez des pages de qualit\u00e9 aux acteurs de la sant\u00e9 et du bien-\u00eatre. Pour chaque praticien, une page de notre annuaire lui est totalement consacr\u00e9e. Celle-ci est rattach\u00e9e \u00e0 l&rsquo;une de nos nombreuses cat\u00e9gories. Si un visiteur recherche une psychoth\u00e9rapie individuelle, une th\u00e9rapie de couple ou diff\u00e9rentes th\u00e9rapies il peut directement entrer en contact avec le bon th\u00e9rapeute. Trouver un th\u00e9rapeute n&rsquo;a jamais \u00e9t\u00e9 aussi facile.<\/p>\n\n\n\n<h3><strong>Un simple annuaire th\u00e9rapeute? Non. Augmentez votre visibilit\u00e9 th\u00e9rapeute<\/strong><\/h3>\n\n\n\n<p>De toute \u00e9vidence, il y a beaucoup plus \u00e0 attirer vos clients id\u00e9aux gr\u00e2ce \u00e0 un annuaire th\u00e9rapeute. Vous devez penser \u00e0 votre photo, vous devez choisir des probl\u00e8mes de sant\u00e9 mentale et des orientations de traitement populaires et vous devez \u00e9crire environ trois paragraphes de texte qui se connecteront avec votre client et l&rsquo;influenceront pour vous contacter.<\/p>\n\n\n\n<p><strong>C&rsquo;est pourquoi lors de votre inscription sur PsychoBienEtre, nous vous accompagnerons pour la cr\u00e9ation de votre profile sur notre annuaire th\u00e9rapeute local afin que vos futurs clients\/patients vous trouve facilement. Nous partageons \u00e9galement votre profil sur nos r\u00e9seaux sociaux.<\/strong><\/p>\n\n\n\n<p><strong> Bienvenu dans le r\u00e9seau PsychoBienEtre<\/strong><\/p>\n\n\n\n<h2>Nos services sp\u00e9cialement adapt\u00e9s aux besoins des th\u00e9rapeutes et praticiens bien-\u00eatre et en th\u00e9rapies alternatives pour leurs r\u00e9f\u00e9rencement et leurs visibilit\u00e9<\/h2>\n\n\n\n<p><strong>Un r\u00e9f\u00e9rencement local Optimal pour tous les th\u00e9rapeutes.<\/strong>\nVotre <strong>r\u00e9f\u00e9rencement local<\/strong> est optimis\u00e9 en fonction de la localisation, de la sp\u00e9cialit\u00e9 du th\u00e9rapeute et des mots cl\u00e9s.\n&nbsp;\n<strong>Une pr\u00e9sence sur les r\u00e9seaux<\/strong>\nNous nous occupons de promouvoir les b\u00e9n\u00e9fices de vos pratiques au plus grand nombre\n&nbsp;\n<strong>R\u00e9daction d&rsquo;articles<\/strong>\nEn tant que th\u00e9rapeute certifier, vous pouvez r\u00e9diger des articles pour le portail PsychoBienEtre. Les articles sont \u00e9galement diffus\u00e9s sur les m\u00e9dias sociaux\n&nbsp;\n<strong>Un profil d&rsquo;expert sur un annuaire th\u00e9rapeute reconnu<\/strong>\nUne fiche d\u00e9taill\u00e9e reprenant la formation du th\u00e9rapeute, son parcours, le d\u00e9roul\u00e9 des s\u00e9ances et ses b\u00e9n\u00e9fices ainsi que des photos\n&nbsp;\n<strong>Un accompagnement personnalis\u00e9<\/strong>\nUn accompagnement sur mesure et du coaching pour augmenter sa visibilit\u00e9 et tout connaitre des solutions digitales \u00e0 ma\u00eetriser !\n&nbsp;\n<strong>Gagnez de nouveaux patients!<\/strong>\nNotre moteur de recherche permet de vous trouver par localisation, par probl\u00e9matique (gestion du stress, perdre du poids, douleurs diverses, mieux dormir\u2026) ou par pratique en fonction de votre sp\u00e9cialit\u00e9 !\n\n<\/p>\n\n\n\n<p><strong>Alors n\u2019h\u00e9sitez plus.&nbsp; Profitez d&rsquo;un service sur mesure et d&rsquo;une visibilit\u00e9 \u00e9tendue gr\u00e2ce \u00e0 un portail d\u00e9velopp\u00e9&nbsp;par un sp\u00e9cialiste du digital marketing et assist\u00e9 par une psychologue! Un portail d\u00e9velopp\u00e9 pour les besoins des th\u00e9rapeutes.<\/strong><\/p>\n\n\n\n<h2><strong>Imaginez! Vous pourriez \u00eatre en premi\u00e8re page de Google gr\u00e2ce \u00e0 un r\u00e9f\u00e9rencement local.<\/strong><\/h2>\n\n\n<div class=\"wp-block-image\">\n<figure class=\"aligncenter\"><img loading=\"lazy\" width=\"1130\" height=\"581\" src=\"https:\/\/www.psycho-bien-etre.be\/therapeutes-bien-etre\/wp-content\/uploads\/2018\/10\/google-pbe.png\" alt=\"\" class=\"wp-image-339\" srcset=\"https:\/\/www.psycho-bien-etre.be\/therapeutes-bien-etre\/wp-content\/uploads\/2018\/10\/google-pbe.png 1130w, https:\/\/www.psycho-bien-etre.be\/therapeutes-bien-etre\/wp-content\/uploads\/2018\/10\/google-pbe-300x154.png 300w, https:\/\/www.psycho-bien-etre.be\/therapeutes-bien-etre\/wp-content\/uploads\/2018\/10\/google-pbe-768x395.png 768w, https:\/\/www.psycho-bien-etre.be\/therapeutes-bien-etre\/wp-content\/uploads\/2018\/10\/google-pbe-1024x526.png 1024w\" sizes=\"(max-width: 1130px) 100vw, 1130px\" \/><\/figure><\/div>\n\n\n<h2>Rejoindre le r\u00e9seau PsychoBienEtre: l&rsquo;annuaire local des th\u00e9rapeutes et th\u00e9rapies alternatives<\/h2>\n\n\n\n<p>Inscrivez-vous,&nbsp; vous serez ensuite redirig\u00e9 vers paypal afin de vous permettre de faire votre paiement de mani\u00e8re s\u00e9curis\u00e9e (paypal ou carte bancaire). Nous reprendrons contact avec vous dans les 24h ouvrable afin d&rsquo;avoir les informations pour la cr\u00e9ation de votre page.<\/p>\n\n\n<div id=\"smart-button-container\">\n<div style=\"text-align: center;\">\n<div id=\"paypal-button-container\"><\/div>\n<p><\/p>\n<\/div>\n<\/div>","protected":false},"excerpt":{"rendered":"<p>Pour vous inscrire gratuitement sur notre portail veuillez remplir le formulaire suivant Vous \u00eates praticien sp\u00e9cialis\u00e9 dans le bien-\u00eatre (centre de bien-\u00eatre, esth\u00e9ticienne, centre de baln\u00e9oth\u00e9rapie, di\u00e9t\u00e9ticien, etc), th\u00e9rapeute (psychologue, sexologue, psychoth\u00e9rapeute, etc) ou praticien en th\u00e9rapies alternatives et vous souhaitez augmenter votre visibilit\u00e9 et\/ou accro\u00eetre votre<\/p>\n","protected":false},"author":1,"featured_media":0,"parent":0,"menu_order":0,"comment_status":"closed","ping_status":"closed","template":"page-FullWidth.php","meta":[],"yoast_head":"<!-- This site is optimized with the Yoast SEO plugin v19.4 - https:\/\/yoast.com\/wordpress\/plugins\/seo\/ -->\n<title>Annuaire th\u00e9rapeutes, th\u00e9rapies alternatives | R\u00e9ferencement Th\u00e9rapeutes<\/title>\n<meta name=\"description\" content=\"R\u00e9ferencement des th\u00e9rapeutes et praticiens en therapies alternatives. Vous recherchez un bon th\u00e9rapeute? Il est ici.\" \/>\n<meta name=\"robots\" content=\"index, follow, max-snippet:-1, max-image-preview:large, max-video-preview:-1\" \/>\n<link rel=\"canonical\" href=\"https:\/\/www.psycho-bien-etre.be\/therapeutes-bien-etre\/rejoindre-reseau-psychobienetre-3\/\" \/>\n<meta property=\"og:locale\" content=\"fr_FR\" \/>\n<meta property=\"og:type\" content=\"article\" \/>\n<meta property=\"og:title\" content=\"Annuaire th\u00e9rapeutes, th\u00e9rapies alternatives | R\u00e9ferencement Th\u00e9rapeutes\" \/>\n<meta property=\"og:description\" content=\"R\u00e9ferencement des th\u00e9rapeutes et praticiens en therapies alternatives. Vous recherchez un bon th\u00e9rapeute? Il est ici.\" \/>\n<meta property=\"og:url\" content=\"https:\/\/www.psycho-bien-etre.be\/therapeutes-bien-etre\/rejoindre-reseau-psychobienetre-3\/\" \/>\n<meta property=\"og:site_name\" content=\"Annuaire des th\u00e9rapeutes : Th\u00e9rapeute, Coach, Centre bien-\u00eatre,m\u00e9decines douces\" \/>\n<meta property=\"article:modified_time\" content=\"2023-11-22T08:11:55+00:00\" \/>\n<meta property=\"og:image\" content=\"https:\/\/www.psycho-bien-etre.be\/therapeutes-bien-etre\/wp-content\/uploads\/2019\/02\/960-300x118.jpg\" \/>\n<meta name=\"twitter:card\" content=\"summary_large_image\" \/>\n<meta name=\"twitter:label1\" content=\"Dur\u00e9e de lecture estim\u00e9e\" \/>\n\t<meta name=\"twitter:data1\" content=\"6 minutes\" \/>\n<script type=\"application\/ld+json\" class=\"yoast-schema-graph\">{\"@context\":\"https:\/\/schema.org\",\"@graph\":[{\"@type\":\"WebSite\",\"@id\":\"https:\/\/www.psycho-bien-etre.be\/therapeutes-bien-etre\/#website\",\"url\":\"https:\/\/www.psycho-bien-etre.be\/therapeutes-bien-etre\/\",\"name\":\"Annuaire des th\u00e9rapeutes : Th\u00e9rapeute, Coach, Centre bien-\u00eatre,m\u00e9decines douces\",\"description\":\"\",\"potentialAction\":[{\"@type\":\"SearchAction\",\"target\":{\"@type\":\"EntryPoint\",\"urlTemplate\":\"https:\/\/www.psycho-bien-etre.be\/therapeutes-bien-etre\/?s={search_term_string}\"},\"query-input\":\"required name=search_term_string\"}],\"inLanguage\":\"fr-FR\"},{\"@type\":\"WebPage\",\"@id\":\"https:\/\/www.psycho-bien-etre.be\/therapeutes-bien-etre\/rejoindre-reseau-psychobienetre-3\/\",\"url\":\"https:\/\/www.psycho-bien-etre.be\/therapeutes-bien-etre\/rejoindre-reseau-psychobienetre-3\/\",\"name\":\"Annuaire th\u00e9rapeutes, th\u00e9rapies alternatives | R\u00e9ferencement Th\u00e9rapeutes\",\"isPartOf\":{\"@id\":\"https:\/\/www.psycho-bien-etre.be\/therapeutes-bien-etre\/#website\"},\"datePublished\":\"2018-03-30T06:40:24+00:00\",\"dateModified\":\"2023-11-22T08:11:55+00:00\",\"description\":\"R\u00e9ferencement des th\u00e9rapeutes et praticiens en therapies alternatives. Vous recherchez un bon th\u00e9rapeute? Il est ici.\",\"breadcrumb\":{\"@id\":\"https:\/\/www.psycho-bien-etre.be\/therapeutes-bien-etre\/rejoindre-reseau-psychobienetre-3\/#breadcrumb\"},\"inLanguage\":\"fr-FR\",\"potentialAction\":[{\"@type\":\"ReadAction\",\"target\":[\"https:\/\/www.psycho-bien-etre.be\/therapeutes-bien-etre\/rejoindre-reseau-psychobienetre-3\/\"]}]},{\"@type\":\"BreadcrumbList\",\"@id\":\"https:\/\/www.psycho-bien-etre.be\/therapeutes-bien-etre\/rejoindre-reseau-psychobienetre-3\/#breadcrumb\",\"itemListElement\":[{\"@type\":\"ListItem\",\"position\":1,\"name\":\"Accueil\",\"item\":\"https:\/\/www.psycho-bien-etre.be\/therapeutes-bien-etre\/\"},{\"@type\":\"ListItem\",\"position\":2,\"name\":\"Rejoindre l&rsquo;annuaire th\u00e9rapeutes et therapies alternatives. R\u00e9f\u00e9rencement local th\u00e9rapeutes\"}]}]}<\/script>\n<!-- \/ Yoast SEO plugin. -->","yoast_head_json":{"title":"Annuaire th\u00e9rapeutes, th\u00e9rapies alternatives | R\u00e9ferencement Th\u00e9rapeutes","description":"R\u00e9ferencement des th\u00e9rapeutes et praticiens en therapies alternatives. Vous recherchez un bon th\u00e9rapeute? Il est ici.","robots":{"index":"index","follow":"follow","max-snippet":"max-snippet:-1","max-image-preview":"max-image-preview:large","max-video-preview":"max-video-preview:-1"},"canonical":"https:\/\/www.psycho-bien-etre.be\/therapeutes-bien-etre\/rejoindre-reseau-psychobienetre-3\/","og_locale":"fr_FR","og_type":"article","og_title":"Annuaire th\u00e9rapeutes, th\u00e9rapies alternatives | R\u00e9ferencement Th\u00e9rapeutes","og_description":"R\u00e9ferencement des th\u00e9rapeutes et praticiens en therapies alternatives. Vous recherchez un bon th\u00e9rapeute? Il est ici.","og_url":"https:\/\/www.psycho-bien-etre.be\/therapeutes-bien-etre\/rejoindre-reseau-psychobienetre-3\/","og_site_name":"Annuaire des th\u00e9rapeutes : Th\u00e9rapeute, Coach, Centre bien-\u00eatre,m\u00e9decines douces","article_modified_time":"2023-11-22T08:11:55+00:00","og_image":[{"url":"https:\/\/www.psycho-bien-etre.be\/therapeutes-bien-etre\/wp-content\/uploads\/2019\/02\/960-300x118.jpg"}],"twitter_card":"summary_large_image","twitter_misc":{"Dur\u00e9e de lecture estim\u00e9e":"6 minutes"},"schema":{"@context":"https:\/\/schema.org","@graph":[{"@type":"WebSite","@id":"https:\/\/www.psycho-bien-etre.be\/therapeutes-bien-etre\/#website","url":"https:\/\/www.psycho-bien-etre.be\/therapeutes-bien-etre\/","name":"Annuaire des th\u00e9rapeutes : Th\u00e9rapeute, Coach, Centre bien-\u00eatre,m\u00e9decines douces","description":"","potentialAction":[{"@type":"SearchAction","target":{"@type":"EntryPoint","urlTemplate":"https:\/\/www.psycho-bien-etre.be\/therapeutes-bien-etre\/?s={search_term_string}"},"query-input":"required name=search_term_string"}],"inLanguage":"fr-FR"},{"@type":"WebPage","@id":"https:\/\/www.psycho-bien-etre.be\/therapeutes-bien-etre\/rejoindre-reseau-psychobienetre-3\/","url":"https:\/\/www.psycho-bien-etre.be\/therapeutes-bien-etre\/rejoindre-reseau-psychobienetre-3\/","name":"Annuaire th\u00e9rapeutes, th\u00e9rapies alternatives | R\u00e9ferencement Th\u00e9rapeutes","isPartOf":{"@id":"https:\/\/www.psycho-bien-etre.be\/therapeutes-bien-etre\/#website"},"datePublished":"2018-03-30T06:40:24+00:00","dateModified":"2023-11-22T08:11:55+00:00","description":"R\u00e9ferencement des th\u00e9rapeutes et praticiens en therapies alternatives. Vous recherchez un bon th\u00e9rapeute? Il est ici.","breadcrumb":{"@id":"https:\/\/www.psycho-bien-etre.be\/therapeutes-bien-etre\/rejoindre-reseau-psychobienetre-3\/#breadcrumb"},"inLanguage":"fr-FR","potentialAction":[{"@type":"ReadAction","target":["https:\/\/www.psycho-bien-etre.be\/therapeutes-bien-etre\/rejoindre-reseau-psychobienetre-3\/"]}]},{"@type":"BreadcrumbList","@id":"https:\/\/www.psycho-bien-etre.be\/therapeutes-bien-etre\/rejoindre-reseau-psychobienetre-3\/#breadcrumb","itemListElement":[{"@type":"ListItem","position":1,"name":"Accueil","item":"https:\/\/www.psycho-bien-etre.be\/therapeutes-bien-etre\/"},{"@type":"ListItem","position":2,"name":"Rejoindre l&rsquo;annuaire th\u00e9rapeutes et therapies alternatives. R\u00e9f\u00e9rencement local th\u00e9rapeutes"}]}]}},"_links":{"self":[{"href":"https:\/\/www.psycho-bien-etre.be\/therapeutes-bien-etre\/wp-json\/wp\/v2\/pages\/183"}],"collection":[{"href":"https:\/\/www.psycho-bien-etre.be\/therapeutes-bien-etre\/wp-json\/wp\/v2\/pages"}],"about":[{"href":"https:\/\/www.psycho-bien-etre.be\/therapeutes-bien-etre\/wp-json\/wp\/v2\/types\/page"}],"author":[{"embeddable":true,"href":"https:\/\/www.psycho-bien-etre.be\/therapeutes-bien-etre\/wp-json\/wp\/v2\/users\/1"}],"replies":[{"embeddable":true,"href":"https:\/\/www.psycho-bien-etre.be\/therapeutes-bien-etre\/wp-json\/wp\/v2\/comments?post=183"}],"version-history":[{"count":89,"href":"https:\/\/www.psycho-bien-etre.be\/therapeutes-bien-etre\/wp-json\/wp\/v2\/pages\/183\/revisions"}],"predecessor-version":[{"id":618,"href":"https:\/\/www.psycho-bien-etre.be\/therapeutes-bien-etre\/wp-json\/wp\/v2\/pages\/183\/revisions\/618"}],"wp:attachment":[{"href":"https:\/\/www.psycho-bien-etre.be\/therapeutes-bien-etre\/wp-json\/wp\/v2\/media?parent=183"}],"curies":[{"name":"wp","href":"https:\/\/api.w.org\/{rel}","templated":true}]}}