{"id":4,"date":"2018-02-20T18:32:12","date_gmt":"2018-02-20T17:32:12","guid":{"rendered":"http:\/\/psycho-bien-etre.be\/therapeutes-bien-etre\/udesign-welcome\/"},"modified":"2021-11-24T15:06:08","modified_gmt":"2021-11-24T14:06:08","slug":"udesign-welcome","status":"publish","type":"page","link":"https:\/\/www.psycho-bien-etre.be\/therapeutes-bien-etre\/","title":{"rendered":"Annuaires"},"content":{"rendered":"<link rel=\"stylesheet\" href=\"\/\/maxcdn.bootstrapcdn.com\/font-awesome\/4.3.0\/css\/font-awesome.min.css\">\n\n\t\n\t<div class=\"bootstrap-wrapper \">\n\t\t<div class=\"row\"> \t\t\t\t\n\t\t<div class=\"row\">\n\t\t\t<div class=\"col-md-12\">\t\n\t\t\t<div class=\"categories-imgs text-center\">\n\t\t\t\t\t\t\t\t\t\t\t\n\t\t\t\t\t\t\t\t<a href=\"https:\/\/www.psycho-bien-etre.be\/therapeutes-bien-etre\/doctor-category\/accompagnement-psycho-corporel\/\" style=\"color:#000000;\">\n\t\t\t\t\t\t\t\t\t\n\t\t\t\t\t\t\t\t\t<img src=\"\" style=\"width:325px; height:178px;\">\t\t\t\t\t\t\t\t\t\t\t\t\t\t\t\t\t\n\t\t\t\t\t\t\t\t\t<span style=\"font-size:18px;\">Accompagnement psycho corporel<\/span>\n\t\t\t\t\t\t\t\t\t<div class=\"categories-wrap-shadow\"><\/div>\n\t\t\t\t\t\t\t\t\t<div class=\"inner-meta \">\n\t\t\t\t\t\t\t\t\t\t<div>Accompagnement psycho corporel<\/div>\n\t\t\t\t\t\t\t\t\t\t<small>(1)<\/small>\n\t\t\t\t\t\t\t\t\t<\/div>\n\t\t\t\t\t\t\t\t<\/a>\n\t\t\t\t\t\t\t\t\t\t\t\t\t\n\t\t\t\t\t\t\t\t<a href=\"https:\/\/www.psycho-bien-etre.be\/therapeutes-bien-etre\/doctor-category\/centre-de-formation\/\" style=\"color:#000000;\">\n\t\t\t\t\t\t\t\t\t\n\t\t\t\t\t\t\t\t\t<img src=\"\" style=\"width:325px; height:178px;\">\t\t\t\t\t\t\t\t\t\t\t\t\t\t\t\t\t\n\t\t\t\t\t\t\t\t\t<span style=\"font-size:18px;\">Centre de formation<\/span>\n\t\t\t\t\t\t\t\t\t<div class=\"categories-wrap-shadow\"><\/div>\n\t\t\t\t\t\t\t\t\t<div class=\"inner-meta \">\n\t\t\t\t\t\t\t\t\t\t<div>Centre de formation<\/div>\n\t\t\t\t\t\t\t\t\t\t<small>(3)<\/small>\n\t\t\t\t\t\t\t\t\t<\/div>\n\t\t\t\t\t\t\t\t<\/a>\n\t\t\t\t\t\t\t\t\t\t\t\t\t\n\t\t\t\t\t\t\t\t<a href=\"https:\/\/www.psycho-bien-etre.be\/therapeutes-bien-etre\/doctor-category\/coach\/\" style=\"color:#000000;\">\n\t\t\t\t\t\t\t\t\t\n\t\t\t\t\t\t\t\t\t<img src=\"\" style=\"width:325px; height:178px;\">\t\t\t\t\t\t\t\t\t\t\t\t\t\t\t\t\t\n\t\t\t\t\t\t\t\t\t<span style=\"font-size:18px;\">Coach<\/span>\n\t\t\t\t\t\t\t\t\t<div class=\"categories-wrap-shadow\"><\/div>\n\t\t\t\t\t\t\t\t\t<div class=\"inner-meta \">\n\t\t\t\t\t\t\t\t\t\t<div>Coach<\/div>\n\t\t\t\t\t\t\t\t\t\t<small>(8)<\/small>\n\t\t\t\t\t\t\t\t\t<\/div>\n\t\t\t\t\t\t\t\t<\/a>\n\t\t\t\t\t\t\t\t\t\t\t\t\t\n\t\t\t\t\t\t\t\t<a href=\"https:\/\/www.psycho-bien-etre.be\/therapeutes-bien-etre\/doctor-category\/conseiller-en-nutrition\/\" style=\"color:#000000;\">\n\t\t\t\t\t\t\t\t\t\n\t\t\t\t\t\t\t\t\t<img src=\"\" style=\"width:325px; height:178px;\">\t\t\t\t\t\t\t\t\t\t\t\t\t\t\t\t\t\n\t\t\t\t\t\t\t\t\t<span style=\"font-size:18px;\">Conseiller en nutrition<\/span>\n\t\t\t\t\t\t\t\t\t<div class=\"categories-wrap-shadow\"><\/div>\n\t\t\t\t\t\t\t\t\t<div class=\"inner-meta \">\n\t\t\t\t\t\t\t\t\t\t<div>Conseiller en nutrition<\/div>\n\t\t\t\t\t\t\t\t\t\t<small>(1)<\/small>\n\t\t\t\t\t\t\t\t\t<\/div>\n\t\t\t\t\t\t\t\t<\/a>\n\t\t\t\t\t\t\t\t\t\t\t\t\t\n\t\t\t\t\t\t\t\t<a href=\"https:\/\/www.psycho-bien-etre.be\/therapeutes-bien-etre\/doctor-category\/gestalt-therapeute\/\" style=\"color:#000000;\">\n\t\t\t\t\t\t\t\t\t\n\t\t\t\t\t\t\t\t\t<img src=\"\" style=\"width:325px; height:178px;\">\t\t\t\t\t\t\t\t\t\t\t\t\t\t\t\t\t\n\t\t\t\t\t\t\t\t\t<span style=\"font-size:18px;\">Gestalt-therapeute<\/span>\n\t\t\t\t\t\t\t\t\t<div class=\"categories-wrap-shadow\"><\/div>\n\t\t\t\t\t\t\t\t\t<div class=\"inner-meta \">\n\t\t\t\t\t\t\t\t\t\t<div>Gestalt-therapeute<\/div>\n\t\t\t\t\t\t\t\t\t\t<small>(7)<\/small>\n\t\t\t\t\t\t\t\t\t<\/div>\n\t\t\t\t\t\t\t\t<\/a>\n\t\t\t\t\t\t\t\t\t\t\t\t\t\n\t\t\t\t\t\t\t\t<a href=\"https:\/\/www.psycho-bien-etre.be\/therapeutes-bien-etre\/doctor-category\/hypnotherapeute\/\" style=\"color:#000000;\">\n\t\t\t\t\t\t\t\t\t\n\t\t\t\t\t\t\t\t\t<img src=\"\" style=\"width:325px; height:178px;\">\t\t\t\t\t\t\t\t\t\t\t\t\t\t\t\t\t\n\t\t\t\t\t\t\t\t\t<span style=\"font-size:18px;\">Hypnotherapeute<\/span>\n\t\t\t\t\t\t\t\t\t<div class=\"categories-wrap-shadow\"><\/div>\n\t\t\t\t\t\t\t\t\t<div class=\"inner-meta \">\n\t\t\t\t\t\t\t\t\t\t<div>Hypnotherapeute<\/div>\n\t\t\t\t\t\t\t\t\t\t<small>(12)<\/small>\n\t\t\t\t\t\t\t\t\t<\/div>\n\t\t\t\t\t\t\t\t<\/a>\n\t\t\t\t\t\t\t\t\t\t\t\t\t\n\t\t\t\t\t\t\t\t<a href=\"https:\/\/www.psycho-bien-etre.be\/therapeutes-bien-etre\/doctor-category\/infirmiere-a-domicile\/\" style=\"color:#000000;\">\n\t\t\t\t\t\t\t\t\t\n\t\t\t\t\t\t\t\t\t<img src=\"\" style=\"width:325px; height:178px;\">\t\t\t\t\t\t\t\t\t\t\t\t\t\t\t\t\t\n\t\t\t\t\t\t\t\t\t<span style=\"font-size:18px;\">Infirmi\u00e8re \u00e0 domicile<\/span>\n\t\t\t\t\t\t\t\t\t<div class=\"categories-wrap-shadow\"><\/div>\n\t\t\t\t\t\t\t\t\t<div class=\"inner-meta \">\n\t\t\t\t\t\t\t\t\t\t<div>Infirmi\u00e8re \u00e0 domicile<\/div>\n\t\t\t\t\t\t\t\t\t\t<small>(1)<\/small>\n\t\t\t\t\t\t\t\t\t<\/div>\n\t\t\t\t\t\t\t\t<\/a>\n\t\t\t\t\t\t\t\t\t\t\t\t\t\n\t\t\t\t\t\t\t\t<a href=\"https:\/\/www.psycho-bien-etre.be\/therapeutes-bien-etre\/doctor-category\/kinesiologue\/\" style=\"color:#000000;\">\n\t\t\t\t\t\t\t\t\t\n\t\t\t\t\t\t\t\t\t<img src=\"\" style=\"width:325px; height:178px;\">\t\t\t\t\t\t\t\t\t\t\t\t\t\t\t\t\t\n\t\t\t\t\t\t\t\t\t<span style=\"font-size:18px;\">Kin\u00e9siologue<\/span>\n\t\t\t\t\t\t\t\t\t<div class=\"categories-wrap-shadow\"><\/div>\n\t\t\t\t\t\t\t\t\t<div class=\"inner-meta \">\n\t\t\t\t\t\t\t\t\t\t<div>Kin\u00e9siologue<\/div>\n\t\t\t\t\t\t\t\t\t\t<small>(2)<\/small>\n\t\t\t\t\t\t\t\t\t<\/div>\n\t\t\t\t\t\t\t\t<\/a>\n\t\t\t\t\t\t\t\t\t\t\t\t\t\n\t\t\t\t\t\t\t\t<a href=\"https:\/\/www.psycho-bien-etre.be\/therapeutes-bien-etre\/doctor-category\/magnetisme\/\" style=\"color:#000000;\">\n\t\t\t\t\t\t\t\t\t\n\t\t\t\t\t\t\t\t\t<img src=\"\" style=\"width:325px; height:178px;\">\t\t\t\t\t\t\t\t\t\t\t\t\t\t\t\t\t\n\t\t\t\t\t\t\t\t\t<span style=\"font-size:18px;\">Magn\u00e9tisme<\/span>\n\t\t\t\t\t\t\t\t\t<div class=\"categories-wrap-shadow\"><\/div>\n\t\t\t\t\t\t\t\t\t<div class=\"inner-meta \">\n\t\t\t\t\t\t\t\t\t\t<div>Magn\u00e9tisme<\/div>\n\t\t\t\t\t\t\t\t\t\t<small>(3)<\/small>\n\t\t\t\t\t\t\t\t\t<\/div>\n\t\t\t\t\t\t\t\t<\/a>\n\t\t\t\t\t\t\t\t\t\t\t\t\t\n\t\t\t\t\t\t\t\t<a href=\"https:\/\/www.psycho-bien-etre.be\/therapeutes-bien-etre\/doctor-category\/massotherapeute\/\" style=\"color:#000000;\">\n\t\t\t\t\t\t\t\t\t\n\t\t\t\t\t\t\t\t\t<img src=\"\" style=\"width:325px; height:178px;\">\t\t\t\t\t\t\t\t\t\t\t\t\t\t\t\t\t\n\t\t\t\t\t\t\t\t\t<span style=\"font-size:18px;\">Massoth\u00e9rapeute<\/span>\n\t\t\t\t\t\t\t\t\t<div class=\"categories-wrap-shadow\"><\/div>\n\t\t\t\t\t\t\t\t\t<div class=\"inner-meta \">\n\t\t\t\t\t\t\t\t\t\t<div>Massoth\u00e9rapeute<\/div>\n\t\t\t\t\t\t\t\t\t\t<small>(9)<\/small>\n\t\t\t\t\t\t\t\t\t<\/div>\n\t\t\t\t\t\t\t\t<\/a>\n\t\t\t\t\t\t\t\t\t\t\t\t\t\n\t\t\t\t\t\t\t\t<a href=\"https:\/\/www.psycho-bien-etre.be\/therapeutes-bien-etre\/doctor-category\/medecine-traditionnelle-chinoise\/\" style=\"color:#000000;\">\n\t\t\t\t\t\t\t\t\t\n\t\t\t\t\t\t\t\t\t<img src=\"\" style=\"width:325px; height:178px;\">\t\t\t\t\t\t\t\t\t\t\t\t\t\t\t\t\t\n\t\t\t\t\t\t\t\t\t<span style=\"font-size:18px;\">M\u00e9decine Traditionnelle Chinoise<\/span>\n\t\t\t\t\t\t\t\t\t<div class=\"categories-wrap-shadow\"><\/div>\n\t\t\t\t\t\t\t\t\t<div class=\"inner-meta \">\n\t\t\t\t\t\t\t\t\t\t<div>M\u00e9decine Traditionnelle Chinoise<\/div>\n\t\t\t\t\t\t\t\t\t\t<small>(1)<\/small>\n\t\t\t\t\t\t\t\t\t<\/div>\n\t\t\t\t\t\t\t\t<\/a>\n\t\t\t\t\t\t\t\t\t\t\t\t\t\n\t\t\t\t\t\t\t\t<a href=\"https:\/\/www.psycho-bien-etre.be\/therapeutes-bien-etre\/doctor-category\/naturopathe\/\" style=\"color:#000000;\">\n\t\t\t\t\t\t\t\t\t\n\t\t\t\t\t\t\t\t\t<img src=\"\" style=\"width:325px; height:178px;\">\t\t\t\t\t\t\t\t\t\t\t\t\t\t\t\t\t\n\t\t\t\t\t\t\t\t\t<span style=\"font-size:18px;\">Naturopathe<\/span>\n\t\t\t\t\t\t\t\t\t<div class=\"categories-wrap-shadow\"><\/div>\n\t\t\t\t\t\t\t\t\t<div class=\"inner-meta \">\n\t\t\t\t\t\t\t\t\t\t<div>Naturopathe<\/div>\n\t\t\t\t\t\t\t\t\t\t<small>(6)<\/small>\n\t\t\t\t\t\t\t\t\t<\/div>\n\t\t\t\t\t\t\t\t<\/a>\n\t\t\t\t\t\t\t\t\t\t\t\t\t\n\t\t\t\t\t\t\t\t<a href=\"https:\/\/www.psycho-bien-etre.be\/therapeutes-bien-etre\/doctor-category\/praticien-eft\/\" style=\"color:#000000;\">\n\t\t\t\t\t\t\t\t\t\n\t\t\t\t\t\t\t\t\t<img src=\"\" style=\"width:325px; height:178px;\">\t\t\t\t\t\t\t\t\t\t\t\t\t\t\t\t\t\n\t\t\t\t\t\t\t\t\t<span style=\"font-size:18px;\">Praticien EFT<\/span>\n\t\t\t\t\t\t\t\t\t<div class=\"categories-wrap-shadow\"><\/div>\n\t\t\t\t\t\t\t\t\t<div class=\"inner-meta \">\n\t\t\t\t\t\t\t\t\t\t<div>Praticien EFT<\/div>\n\t\t\t\t\t\t\t\t\t\t<small>(2)<\/small>\n\t\t\t\t\t\t\t\t\t<\/div>\n\t\t\t\t\t\t\t\t<\/a>\n\t\t\t\t\t\t\t\t\t\t\t\t\t\n\t\t\t\t\t\t\t\t<a href=\"https:\/\/www.psycho-bien-etre.be\/therapeutes-bien-etre\/doctor-category\/praticien-pnl\/\" style=\"color:#000000;\">\n\t\t\t\t\t\t\t\t\t\n\t\t\t\t\t\t\t\t\t<img src=\"\" style=\"width:325px; height:178px;\">\t\t\t\t\t\t\t\t\t\t\t\t\t\t\t\t\t\n\t\t\t\t\t\t\t\t\t<span style=\"font-size:18px;\">Praticien PNL<\/span>\n\t\t\t\t\t\t\t\t\t<div class=\"categories-wrap-shadow\"><\/div>\n\t\t\t\t\t\t\t\t\t<div class=\"inner-meta \">\n\t\t\t\t\t\t\t\t\t\t<div>Praticien PNL<\/div>\n\t\t\t\t\t\t\t\t\t\t<small>(1)<\/small>\n\t\t\t\t\t\t\t\t\t<\/div>\n\t\t\t\t\t\t\t\t<\/a>\n\t\t\t\t\t\t\t\t\t\t\t\t\t\n\t\t\t\t\t\t\t\t<a href=\"https:\/\/www.psycho-bien-etre.be\/therapeutes-bien-etre\/doctor-category\/psycho-medium\/\" style=\"color:#000000;\">\n\t\t\t\t\t\t\t\t\t\n\t\t\t\t\t\t\t\t\t<img src=\"\" style=\"width:325px; height:178px;\">\t\t\t\t\t\t\t\t\t\t\t\t\t\t\t\t\t\n\t\t\t\t\t\t\t\t\t<span style=\"font-size:18px;\">Psycho-medium<\/span>\n\t\t\t\t\t\t\t\t\t<div class=\"categories-wrap-shadow\"><\/div>\n\t\t\t\t\t\t\t\t\t<div class=\"inner-meta \">\n\t\t\t\t\t\t\t\t\t\t<div>Psycho-medium<\/div>\n\t\t\t\t\t\t\t\t\t\t<small>(1)<\/small>\n\t\t\t\t\t\t\t\t\t<\/div>\n\t\t\t\t\t\t\t\t<\/a>\n\t\t\t\t\t\t\t\t\t\t\t\t\t\n\t\t\t\t\t\t\t\t<a href=\"https:\/\/www.psycho-bien-etre.be\/therapeutes-bien-etre\/doctor-category\/psychologue\/\" style=\"color:#000000;\">\n\t\t\t\t\t\t\t\t\t\n\t\t\t\t\t\t\t\t\t<img src=\"\" style=\"width:325px; height:178px;\">\t\t\t\t\t\t\t\t\t\t\t\t\t\t\t\t\t\n\t\t\t\t\t\t\t\t\t<span style=\"font-size:18px;\">Psychologue<\/span>\n\t\t\t\t\t\t\t\t\t<div class=\"categories-wrap-shadow\"><\/div>\n\t\t\t\t\t\t\t\t\t<div class=\"inner-meta \">\n\t\t\t\t\t\t\t\t\t\t<div>Psychologue<\/div>\n\t\t\t\t\t\t\t\t\t\t<small>(8)<\/small>\n\t\t\t\t\t\t\t\t\t<\/div>\n\t\t\t\t\t\t\t\t<\/a>\n\t\t\t\t\t\t\t\t\t\t\t\t\t\n\t\t\t\t\t\t\t\t<a href=\"https:\/\/www.psycho-bien-etre.be\/therapeutes-bien-etre\/doctor-category\/psychopraticien\/\" style=\"color:#000000;\">\n\t\t\t\t\t\t\t\t\t\n\t\t\t\t\t\t\t\t\t<img src=\"\" style=\"width:325px; height:178px;\">\t\t\t\t\t\t\t\t\t\t\t\t\t\t\t\t\t\n\t\t\t\t\t\t\t\t\t<span style=\"font-size:18px;\">Psychopraticien<\/span>\n\t\t\t\t\t\t\t\t\t<div class=\"categories-wrap-shadow\"><\/div>\n\t\t\t\t\t\t\t\t\t<div class=\"inner-meta \">\n\t\t\t\t\t\t\t\t\t\t<div>Psychopraticien<\/div>\n\t\t\t\t\t\t\t\t\t\t<small>(5)<\/small>\n\t\t\t\t\t\t\t\t\t<\/div>\n\t\t\t\t\t\t\t\t<\/a>\n\t\t\t\t\t\t\t\t\t\t\t\t\t\n\t\t\t\t\t\t\t\t<a href=\"https:\/\/www.psycho-bien-etre.be\/therapeutes-bien-etre\/doctor-category\/reflexologue\/\" style=\"color:#000000;\">\n\t\t\t\t\t\t\t\t\t\n\t\t\t\t\t\t\t\t\t<img src=\"\" style=\"width:325px; height:178px;\">\t\t\t\t\t\t\t\t\t\t\t\t\t\t\t\t\t\n\t\t\t\t\t\t\t\t\t<span style=\"font-size:18px;\">R\u00e9fl\u00e9xologue<\/span>\n\t\t\t\t\t\t\t\t\t<div class=\"categories-wrap-shadow\"><\/div>\n\t\t\t\t\t\t\t\t\t<div class=\"inner-meta \">\n\t\t\t\t\t\t\t\t\t\t<div>R\u00e9fl\u00e9xologue<\/div>\n\t\t\t\t\t\t\t\t\t\t<small>(3)<\/small>\n\t\t\t\t\t\t\t\t\t<\/div>\n\t\t\t\t\t\t\t\t<\/a>\n\t\t\t\t\t\t\t\t\t\t\t\t\t\n\t\t\t\t\t\t\t\t<a href=\"https:\/\/www.psycho-bien-etre.be\/therapeutes-bien-etre\/doctor-category\/reiki\/\" style=\"color:#000000;\">\n\t\t\t\t\t\t\t\t\t\n\t\t\t\t\t\t\t\t\t<img src=\"\" style=\"width:325px; height:178px;\">\t\t\t\t\t\t\t\t\t\t\t\t\t\t\t\t\t\n\t\t\t\t\t\t\t\t\t<span style=\"font-size:18px;\">Reiki<\/span>\n\t\t\t\t\t\t\t\t\t<div class=\"categories-wrap-shadow\"><\/div>\n\t\t\t\t\t\t\t\t\t<div class=\"inner-meta \">\n\t\t\t\t\t\t\t\t\t\t<div>Reiki<\/div>\n\t\t\t\t\t\t\t\t\t\t<small>(5)<\/small>\n\t\t\t\t\t\t\t\t\t<\/div>\n\t\t\t\t\t\t\t\t<\/a>\n\t\t\t\t\t\t\t\t\t\t\t\t\t\n\t\t\t\t\t\t\t\t<a href=\"https:\/\/www.psycho-bien-etre.be\/therapeutes-bien-etre\/doctor-category\/relaxologue\/\" style=\"color:#000000;\">\n\t\t\t\t\t\t\t\t\t\n\t\t\t\t\t\t\t\t\t<img src=\"\" style=\"width:325px; height:178px;\">\t\t\t\t\t\t\t\t\t\t\t\t\t\t\t\t\t\n\t\t\t\t\t\t\t\t\t<span style=\"font-size:18px;\">Relaxologue<\/span>\n\t\t\t\t\t\t\t\t\t<div class=\"categories-wrap-shadow\"><\/div>\n\t\t\t\t\t\t\t\t\t<div class=\"inner-meta \">\n\t\t\t\t\t\t\t\t\t\t<div>Relaxologue<\/div>\n\t\t\t\t\t\t\t\t\t\t<small>(2)<\/small>\n\t\t\t\t\t\t\t\t\t<\/div>\n\t\t\t\t\t\t\t\t<\/a>\n\t\t\t\t\t\t\t\t\t\t\t\t\t\n\t\t\t\t\t\t\t\t<a href=\"https:\/\/www.psycho-bien-etre.be\/therapeutes-bien-etre\/doctor-category\/remise-en-forme\/\" style=\"color:#000000;\">\n\t\t\t\t\t\t\t\t\t\n\t\t\t\t\t\t\t\t\t<img src=\"\" style=\"width:325px; height:178px;\">\t\t\t\t\t\t\t\t\t\t\t\t\t\t\t\t\t\n\t\t\t\t\t\t\t\t\t<span style=\"font-size:18px;\">Remise en forme<\/span>\n\t\t\t\t\t\t\t\t\t<div class=\"categories-wrap-shadow\"><\/div>\n\t\t\t\t\t\t\t\t\t<div class=\"inner-meta \">\n\t\t\t\t\t\t\t\t\t\t<div>Remise en forme<\/div>\n\t\t\t\t\t\t\t\t\t\t<small>(1)<\/small>\n\t\t\t\t\t\t\t\t\t<\/div>\n\t\t\t\t\t\t\t\t<\/a>\n\t\t\t\t\t\t\t\t\t\t\t\t\t\n\t\t\t\t\t\t\t\t<a href=\"https:\/\/www.psycho-bien-etre.be\/therapeutes-bien-etre\/doctor-category\/sexologue\/\" style=\"color:#000000;\">\n\t\t\t\t\t\t\t\t\t\n\t\t\t\t\t\t\t\t\t<img src=\"\" style=\"width:325px; height:178px;\">\t\t\t\t\t\t\t\t\t\t\t\t\t\t\t\t\t\n\t\t\t\t\t\t\t\t\t<span style=\"font-size:18px;\">Sexologue<\/span>\n\t\t\t\t\t\t\t\t\t<div class=\"categories-wrap-shadow\"><\/div>\n\t\t\t\t\t\t\t\t\t<div class=\"inner-meta \">\n\t\t\t\t\t\t\t\t\t\t<div>Sexologue<\/div>\n\t\t\t\t\t\t\t\t\t\t<small>(1)<\/small>\n\t\t\t\t\t\t\t\t\t<\/div>\n\t\t\t\t\t\t\t\t<\/a>\n\t\t\t\t\t\t\t\t\t\t\t\t\t\n\t\t\t\t\t\t\t\t<a href=\"https:\/\/www.psycho-bien-etre.be\/therapeutes-bien-etre\/doctor-category\/somatotherapeute\/\" style=\"color:#000000;\">\n\t\t\t\t\t\t\t\t\t\n\t\t\t\t\t\t\t\t\t<img src=\"\" style=\"width:325px; height:178px;\">\t\t\t\t\t\t\t\t\t\t\t\t\t\t\t\t\t\n\t\t\t\t\t\t\t\t\t<span style=\"font-size:18px;\">Somatoth\u00e9rapeute<\/span>\n\t\t\t\t\t\t\t\t\t<div class=\"categories-wrap-shadow\"><\/div>\n\t\t\t\t\t\t\t\t\t<div class=\"inner-meta \">\n\t\t\t\t\t\t\t\t\t\t<div>Somatoth\u00e9rapeute<\/div>\n\t\t\t\t\t\t\t\t\t\t<small>(1)<\/small>\n\t\t\t\t\t\t\t\t\t<\/div>\n\t\t\t\t\t\t\t\t<\/a>\n\t\t\t\t\t\t\t\t\t\t\t\t\t\n\t\t\t\t\t\t\t\t<a href=\"https:\/\/www.psycho-bien-etre.be\/therapeutes-bien-etre\/doctor-category\/sophrologue\/\" style=\"color:#000000;\">\n\t\t\t\t\t\t\t\t\t\n\t\t\t\t\t\t\t\t\t<img src=\"\" style=\"width:325px; height:178px;\">\t\t\t\t\t\t\t\t\t\t\t\t\t\t\t\t\t\n\t\t\t\t\t\t\t\t\t<span style=\"font-size:18px;\">Sophrologue<\/span>\n\t\t\t\t\t\t\t\t\t<div class=\"categories-wrap-shadow\"><\/div>\n\t\t\t\t\t\t\t\t\t<div class=\"inner-meta \">\n\t\t\t\t\t\t\t\t\t\t<div>Sophrologue<\/div>\n\t\t\t\t\t\t\t\t\t\t<small>(11)<\/small>\n\t\t\t\t\t\t\t\t\t<\/div>\n\t\t\t\t\t\t\t\t<\/a>\n\t\t\t\t\t\t\t\t\t\t\t\t\t\n\t\t\t\t\t\t\t\t<a href=\"https:\/\/www.psycho-bien-etre.be\/therapeutes-bien-etre\/doctor-category\/therapeute\/\" style=\"color:#000000;\">\n\t\t\t\t\t\t\t\t\t\n\t\t\t\t\t\t\t\t\t<img src=\"\" style=\"width:325px; height:178px;\">\t\t\t\t\t\t\t\t\t\t\t\t\t\t\t\t\t\n\t\t\t\t\t\t\t\t\t<span style=\"font-size:18px;\">Th\u00e9rapeute<\/span>\n\t\t\t\t\t\t\t\t\t<div class=\"categories-wrap-shadow\"><\/div>\n\t\t\t\t\t\t\t\t\t<div class=\"inner-meta \">\n\t\t\t\t\t\t\t\t\t\t<div>Th\u00e9rapeute<\/div>\n\t\t\t\t\t\t\t\t\t\t<small>(12)<\/small>\n\t\t\t\t\t\t\t\t\t<\/div>\n\t\t\t\t\t\t\t\t<\/a>\n\t\t\t\t\t\t\t\t\t\t\t\t\t\n\t\t\t\t\t\t\t\t<a href=\"https:\/\/www.psycho-bien-etre.be\/therapeutes-bien-etre\/doctor-category\/therapie-energetique\/\" style=\"color:#000000;\">\n\t\t\t\t\t\t\t\t\t\n\t\t\t\t\t\t\t\t\t<img src=\"\" style=\"width:325px; height:178px;\">\t\t\t\t\t\t\t\t\t\t\t\t\t\t\t\t\t\n\t\t\t\t\t\t\t\t\t<span style=\"font-size:18px;\">Th\u00e9rapie \u00e9nerg\u00e9tique<\/span>\n\t\t\t\t\t\t\t\t\t<div class=\"categories-wrap-shadow\"><\/div>\n\t\t\t\t\t\t\t\t\t<div class=\"inner-meta \">\n\t\t\t\t\t\t\t\t\t\t<div>Th\u00e9rapie \u00e9nerg\u00e9tique<\/div>\n\t\t\t\t\t\t\t\t\t\t<small>(1)<\/small>\n\t\t\t\t\t\t\t\t\t<\/div>\n\t\t\t\t\t\t\t\t<\/a>\n\t\t\t\t\t\t\t\t\n\t\t\t<\/div>\n\t\t\t<\/div>\n\t\t<\/div>\t\t\t\n\t\n\t\n\t<\/div>\n<\/div>\n\n","protected":false},"excerpt":{"rendered":"","protected":false},"author":1,"featured_media":0,"parent":0,"menu_order":0,"comment_status":"closed","ping_status":"closed","template":"page-PageTemplate7.php","meta":[],"yoast_head":"<!-- This site is optimized with the Yoast SEO plugin v19.4 - https:\/\/yoast.com\/wordpress\/plugins\/seo\/ -->\n<title>Annuaires - Annuaire des th\u00e9rapeutes : Th\u00e9rapeute, Coach, Centre bien-\u00eatre,m\u00e9decines douces<\/title>\n<meta name=\"robots\" content=\"index, follow, max-snippet:-1, max-image-preview:large, max-video-preview:-1\" \/>\n<link rel=\"canonical\" href=\"https:\/\/www.psycho-bien-etre.be\/therapeutes-bien-etre\/\" \/>\n<meta property=\"og:locale\" content=\"fr_FR\" \/>\n<meta property=\"og:type\" content=\"article\" \/>\n<meta property=\"og:title\" content=\"Annuaires - Annuaire des th\u00e9rapeutes : Th\u00e9rapeute, Coach, Centre bien-\u00eatre,m\u00e9decines douces\" \/>\n<meta property=\"og:url\" content=\"https:\/\/www.psycho-bien-etre.be\/therapeutes-bien-etre\/\" \/>\n<meta property=\"og:site_name\" content=\"Annuaire des th\u00e9rapeutes : Th\u00e9rapeute, Coach, Centre bien-\u00eatre,m\u00e9decines douces\" \/>\n<meta property=\"article:modified_time\" content=\"2021-11-24T14:06:08+00:00\" \/>\n<meta name=\"twitter:card\" content=\"summary_large_image\" \/>\n<script type=\"application\/ld+json\" class=\"yoast-schema-graph\">{\"@context\":\"https:\/\/schema.org\",\"@graph\":[{\"@type\":\"WebSite\",\"@id\":\"https:\/\/www.psycho-bien-etre.be\/therapeutes-bien-etre\/#website\",\"url\":\"https:\/\/www.psycho-bien-etre.be\/therapeutes-bien-etre\/\",\"name\":\"Annuaire des th\u00e9rapeutes : Th\u00e9rapeute, Coach, Centre bien-\u00eatre,m\u00e9decines douces\",\"description\":\"\",\"potentialAction\":[{\"@type\":\"SearchAction\",\"target\":{\"@type\":\"EntryPoint\",\"urlTemplate\":\"https:\/\/www.psycho-bien-etre.be\/therapeutes-bien-etre\/?s={search_term_string}\"},\"query-input\":\"required name=search_term_string\"}],\"inLanguage\":\"fr-FR\"},{\"@type\":\"WebPage\",\"@id\":\"https:\/\/www.psycho-bien-etre.be\/therapeutes-bien-etre\/\",\"url\":\"https:\/\/www.psycho-bien-etre.be\/therapeutes-bien-etre\/\",\"name\":\"Annuaires - Annuaire des th\u00e9rapeutes : Th\u00e9rapeute, Coach, Centre bien-\u00eatre,m\u00e9decines douces\",\"isPartOf\":{\"@id\":\"https:\/\/www.psycho-bien-etre.be\/therapeutes-bien-etre\/#website\"},\"datePublished\":\"2018-02-20T17:32:12+00:00\",\"dateModified\":\"2021-11-24T14:06:08+00:00\",\"breadcrumb\":{\"@id\":\"https:\/\/www.psycho-bien-etre.be\/therapeutes-bien-etre\/#breadcrumb\"},\"inLanguage\":\"fr-FR\",\"potentialAction\":[{\"@type\":\"ReadAction\",\"target\":[\"https:\/\/www.psycho-bien-etre.be\/therapeutes-bien-etre\/\"]}]},{\"@type\":\"BreadcrumbList\",\"@id\":\"https:\/\/www.psycho-bien-etre.be\/therapeutes-bien-etre\/#breadcrumb\",\"itemListElement\":[{\"@type\":\"ListItem\",\"position\":1,\"name\":\"Accueil\",\"item\":\"https:\/\/www.psycho-bien-etre.be\/therapeutes-bien-etre\/\"},{\"@type\":\"ListItem\",\"position\":2,\"name\":\"Annuaires\"}]}]}<\/script>\n<!-- \/ Yoast SEO plugin. -->","yoast_head_json":{"title":"Annuaires - Annuaire des th\u00e9rapeutes : Th\u00e9rapeute, Coach, Centre bien-\u00eatre,m\u00e9decines douces","robots":{"index":"index","follow":"follow","max-snippet":"max-snippet:-1","max-image-preview":"max-image-preview:large","max-video-preview":"max-video-preview:-1"},"canonical":"https:\/\/www.psycho-bien-etre.be\/therapeutes-bien-etre\/","og_locale":"fr_FR","og_type":"article","og_title":"Annuaires - Annuaire des th\u00e9rapeutes : Th\u00e9rapeute, Coach, Centre bien-\u00eatre,m\u00e9decines douces","og_url":"https:\/\/www.psycho-bien-etre.be\/therapeutes-bien-etre\/","og_site_name":"Annuaire des th\u00e9rapeutes : Th\u00e9rapeute, Coach, Centre bien-\u00eatre,m\u00e9decines douces","article_modified_time":"2021-11-24T14:06:08+00:00","twitter_card":"summary_large_image","schema":{"@context":"https:\/\/schema.org","@graph":[{"@type":"WebSite","@id":"https:\/\/www.psycho-bien-etre.be\/therapeutes-bien-etre\/#website","url":"https:\/\/www.psycho-bien-etre.be\/therapeutes-bien-etre\/","name":"Annuaire des th\u00e9rapeutes : Th\u00e9rapeute, Coach, Centre bien-\u00eatre,m\u00e9decines douces","description":"","potentialAction":[{"@type":"SearchAction","target":{"@type":"EntryPoint","urlTemplate":"https:\/\/www.psycho-bien-etre.be\/therapeutes-bien-etre\/?s={search_term_string}"},"query-input":"required name=search_term_string"}],"inLanguage":"fr-FR"},{"@type":"WebPage","@id":"https:\/\/www.psycho-bien-etre.be\/therapeutes-bien-etre\/","url":"https:\/\/www.psycho-bien-etre.be\/therapeutes-bien-etre\/","name":"Annuaires - Annuaire des th\u00e9rapeutes : Th\u00e9rapeute, Coach, Centre bien-\u00eatre,m\u00e9decines douces","isPartOf":{"@id":"https:\/\/www.psycho-bien-etre.be\/therapeutes-bien-etre\/#website"},"datePublished":"2018-02-20T17:32:12+00:00","dateModified":"2021-11-24T14:06:08+00:00","breadcrumb":{"@id":"https:\/\/www.psycho-bien-etre.be\/therapeutes-bien-etre\/#breadcrumb"},"inLanguage":"fr-FR","potentialAction":[{"@type":"ReadAction","target":["https:\/\/www.psycho-bien-etre.be\/therapeutes-bien-etre\/"]}]},{"@type":"BreadcrumbList","@id":"https:\/\/www.psycho-bien-etre.be\/therapeutes-bien-etre\/#breadcrumb","itemListElement":[{"@type":"ListItem","position":1,"name":"Accueil","item":"https:\/\/www.psycho-bien-etre.be\/therapeutes-bien-etre\/"},{"@type":"ListItem","position":2,"name":"Annuaires"}]}]}},"_links":{"self":[{"href":"https:\/\/www.psycho-bien-etre.be\/therapeutes-bien-etre\/wp-json\/wp\/v2\/pages\/4"}],"collection":[{"href":"https:\/\/www.psycho-bien-etre.be\/therapeutes-bien-etre\/wp-json\/wp\/v2\/pages"}],"about":[{"href":"https:\/\/www.psycho-bien-etre.be\/therapeutes-bien-etre\/wp-json\/wp\/v2\/types\/page"}],"author":[{"embeddable":true,"href":"https:\/\/www.psycho-bien-etre.be\/therapeutes-bien-etre\/wp-json\/wp\/v2\/users\/1"}],"replies":[{"embeddable":true,"href":"https:\/\/www.psycho-bien-etre.be\/therapeutes-bien-etre\/wp-json\/wp\/v2\/comments?post=4"}],"version-history":[{"count":4,"href":"https:\/\/www.psycho-bien-etre.be\/therapeutes-bien-etre\/wp-json\/wp\/v2\/pages\/4\/revisions"}],"predecessor-version":[{"id":155,"href":"https:\/\/www.psycho-bien-etre.be\/therapeutes-bien-etre\/wp-json\/wp\/v2\/pages\/4\/revisions\/155"}],"wp:attachment":[{"href":"https:\/\/www.psycho-bien-etre.be\/therapeutes-bien-etre\/wp-json\/wp\/v2\/media?parent=4"}],"curies":[{"name":"wp","href":"https:\/\/api.w.org\/{rel}","templated":true}]}}